n b is divided by 10?
9
Let n = -811 - -827. What is the remainder when 76 is divided by n?
12
Suppose -3*j = 2*u - j - 16, -16 = 3*u - 5*j. Let l = 16 - u. Suppose -11*s = -l*s + 122. Calculate the remainder when s is divided by 16.
13
Let r be -3 - (-2 - 1 - (-3)/(-3)). Suppose 3*y = -3*q + 42, 3*y - 40 - r = -4*q. What is the remainder when 55 is divided by y?
10
Let v(f) = 5*f**3 - 3*f**2 - 2*f - 1. Let i be v(-2). Let d = -31 - i. What is the remainder when d is divided by 7?
4
Let z(r) = -6*r**2 + 27*r - 16. Let p(b) = 4*b**2 + 6*b - 2. Let k be p(4). Suppose -d = -3*d + k. What is the remainder when d is divided by z(3)?
10
Suppose -2*s + 5*n = -103, -4*n + 57 = -3*s + 222. Suppose 0 = 5*w - s + 9. Suppose 11*c = 13*c - 14. Calculate the remainder when w is divided by c.
3
Suppose -2*v = 295 + 9. Let y = -108 - v. What is the remainder when y is divided by 15?
14
Suppose 1837 - 4962 = -25*v. What is the remainder when 494 is divided by v?
119
Let d(w) = 2*w + 3. Let u be d(4). Let j = 24 - u. Suppose 0 = -2*z - 6*t + t + j, -z + 5 = t. What is the remainder when z is divided by 2?
0
Let p be -3 - 24/(1 - 4). Suppose -y + p*o = 43, 0 = 4*o - 11 - 5. Let h = y + 48. Calculate the remainder when 70 is divided by h.
20
Let g(o) = o - 30. Let d(z) = 3*z - 90. Let i(u) = 2*d(u) - 7*g(u). Calculate the remainder when i(11) is divided by 5.
4
Let v = 0 + 9. Let z = -8 + v. Let l(d) = 2*d + 1. What is the remainder when l(1) is divided by z?
0
Let l be (-3 + 0)/(3 + 130/(-45)). Let j = l - -42. Calculate the remainder when 72 is divided by j.
12
Suppose a = -5*b + 175, -4*a - 32 - 118 = -5*b. Calculate the remainder when ((-230)/15 - -12)*(-756)/15 is divided by b.
32
Let z(o) = -o**2 + 2*o - 16. Let g be z(0). Let d = 55 + g. Suppose -y = -9 - 2. Calculate the remainder when d is divided by y.
6
Suppose 3*g - 6 = -5*v, 2*v + 0 = 3*g - 6. Let c = 4 - g. What is the remainder when c/((-3)/(-78)*1) is divided by 18?
16
Suppose k + 107 + 76 = 5*z, 5*k + 123 = 3*z. Suppose z + 28 = 4*m. Let c(g) = g**3 + 5*g**2 + g + 10. What is the remainder when m is divided by c(-5)?
1
Let y = 17 - 11. What is the remainder when (16/(-6))/8 + 341/33 is divided by y?
4
Let i = -237 - -273. Calculate the remainder when 99 is divided by i.
27
Suppose 0 = 2*j + 33 - 61. Calculate the remainder when 40 is divided by j.
12
Let x = 11 - 4. Let n = -79 + 84. Calculate the remainder when x is divided by n.
2
Suppose l - 4 = 0, y - 7 = -l - 0*l. Suppose 88 = 5*s + y*i, 3*s + 0*i + 3*i = 54. What is the remainder when s is divided by 7?
3
Suppose -113 = -5*d + 57. Let q = d + 58. Suppose y - q = -3*y. Calculate the remainder when 43 is divided by y.
20
Let b(w) = 29*w**2 - 12*w + 13. Suppose 5*d + u = -4*u + 275, -4*d = 2*u - 224. Calculate the remainder when d is divided by b(1).
27
Let x(z) = z**3 + 8*z**2 + 7*z + 2. Let i = 35 - 37. Let d = -3 + i. Calculate the remainder when x(d) is divided by 22.
20
Suppose -15*y + 10*y = -5. What is the remainder when 41 is divided by 18/(-27)*-6 + 8 + y?
2
Suppose -2*u - 5*y + 9 = u, 0 = 4*u - 4*y - 12. Let q = -4 - -18. Suppose -u*z + 4 = -q. What is the remainder when 17 is divided by z?
5
Suppose 64 = 4*i - 3*p, 29 = 3*i + 4*p + 6. Let t = -561 + 659. Calculate the remainder when t is divided by i.
7
Suppose -10*y + 5*y + 370 = 5*t, -5*t + 2*y = -391. Calculate the remainder when t is divided by 32.
13
Suppose z = -z - 8. Let x = 14 - -11. What is the remainder when x is divided by ((-26)/z)/((-7)/(-70)*5)?
12
Let x(n) = -1. Let t(i) = -7*i + 7. Let a(m) = -t(m) + 2*x(m). Calculate the remainder when 44 is divided by a(3).
8
Let c(s) be the first derivative of -5*s**2/2 + 2*s - 11. Calculate the remainder when c(-9) is divided by 13.
8
Suppose -2*p - 2*p = -40. Let l(u) = 7*u - 9. Let m be l(10). Let s = m + -42. Calculate the remainder when s is divided by p.
9
Let f = -19 - -19. Suppose 0*b = 5*b - 3*l - 26, -4*b - 2*l + 34 = f. Suppose -2*v + 7*v = 125. What is the remainder when v is divided by b?
4
Let y = 511 - 231. Suppose -4*b + y = b. Calculate the remainder when b is divided by 15.
11
Let h(p) = p**2 - 25*p - 72. Calculate the remainder when h(29) is divided by 11.
0
Suppose 186 = -2*d + 8*d. Let w = d + -26. Let t(f) = -f**2 + 6*f + 4. Calculate the remainder when t(w) is divided by 4.
1
Let v(b) = -b**3 + 6*b**2 - 2. Let x be ((-2)/(-4))/((-2)/(-16)). Suppose -x*r = r - 80. Calculate the remainder when v(4) is divided by r.
14
Suppose -26 = -2*d + 2*x - 3*x, 5*x = -20. Suppose 0*h - 3*h = -d. Suppose 4*s + h*w = -s + 40, s - 4*w - 8 = 0. What is the remainder when s is divided by 3?
2
Let k be 2/(-4)*2 - -28. Suppose 3*b - k = -0*b. Calculate the remainder when b is divided by 4/10 + (-54)/(-15).
1
Let a = -134 + 140. Calculate the remainder when ((-60)/(-9))/(6/9) is divided by a.
4
Let c = 17 - 16. Suppose 4*g = 3*g + 5*w + c, 3*g - 35 = -w. Calculate the remainder when 54 is divided by g.
10
Suppose 50 - 30 = -5*z. What is the remainder when 124 is divided by (-10)/5*50/z?
24
Let h(f) = -f**3 - 14*f**2 - 19*f + 2. Let s be 18/30 + (-7)/(-5). Let i(j) = 4*j**2 + 5*j - 5. Calculate the remainder when h(-13) is divided by i(s).
17
Suppose 3*x = -2*x + 15. Suppose x = i - 1. What is the remainder when 25 is divided by (2 - 1)*(9 + i)?
12
Suppose 12*r - 7857 = -7701. Calculate the remainder when -5*1/1*-10 is divided by r.
11
Let k = -43 + 72. Let m(n) = -n**3 + 6*n**2 - 5*n + 4. Let s be m(4). Let j = -1 + s. Calculate the remainder when k is divided by j.
14
Let l be (11/4)/(6/24). Let a(w) = -w**3 + 11*w**2 + 4*w - 8. Calculate the remainder when a(l) is divided by 19.
17
Let f = -54 - -32. Let z = f - -37. Calculate the remainder when z is divided by 588/60 + (-1)/(-5).
5
Let v be (-15)/10*-4 - -4. Let h be (8/(-5))/((-4)/v). Suppose -5*c = 2*d - 108, -h*c = -0*d + d - 87. Calculate the remainder when c is divided by 8.
6
Let j be (-4 + (-39)/(-9))*27. Let v be j/12 + 9/4. Suppose 0*g - 2*g = -5*o - 68, -v*g + 2*o = -124. What is the remainder when g is divided by 15?
14
Let x = 25 - -9. Let q = 558 + -423. Calculate the remainder when q is divided by x.
33
Let m(p) = -p**3 + 4*p**2 + p - 7. Let r(q) = -q**2 + 3*q + 23. What is the remainder when r(0) is divided by m(3)?
3
Suppose n + 4*t + 20 = 0, -n + 2*t + 10 = -2*n. Calculate the remainder when 23 is divided by (1 + n)/(1/12).
11
Suppose 5*y = 6*y - 41. Suppose -3*x = 3*d - 8*x - y, -5*d + 39 = -x. What is the remainder when 34 is divided by d?
6
What is the remainder when 180/40*(-520)/(-12) is divided by 62?
9
Let s = -20 - -30. Calculate the remainder when (308/(-70))/((-4)/s) is divided by 3.
2
Suppose 0 = 5*s - v - 620, 342 = 3*s - 2*v - 30. What is the remainder when s is divided by 6?
4
Let a(u) = u**3 - 29*u**2 - u + 122. What is the remainder when a(29) is divided by (-2)/(-4)*0 + 16?
13
Suppose 5*x - 51 = 2*x. Suppose 5*u - q - 31 = 0, -3*u + 5*q - 4*q = -19. Calculate the remainder when x is divided by u.
5
Suppose -3*u - 15 = 0, -3*n + 2*n - 4*u + 235 = 0. Suppose 4*m - n = 3*g, 3*m + 81 = 4*m + 5*g. Let i = m - 43. Calculate the remainder when i is divided by 6.
5
Let d be -10*(3 - 170/4). Suppose -5*i - d = -10*i. What is the remainder when i is divided by 20?
19
Let o = 78 - 31. Calculate the remainder when 373 is divided by o.
44
Suppose -15 = 3*h, -7*u + 10*u = 5*h + 133. Calculate the remainder when 53 is divided by u.
17
Let r be (-2 + 8/(-6))*12/(-10). Calculate the remainder when (3 - 1)*r/((-64)/(-664)) is divided by 29.
25
Let y(z) = 11*z**2 + 34*z + 70. Calculate the remainder when y(-2) is divided by (-1 - (-1 - -2)) + 18.
14
Suppose -64 = -2*g - 14*g. What is the remainder when 31 is divided by (-75)/(g + -9) + -2?
5
Let w(p) be the second derivative of -5*p**3/2 - p**2/2 - 3*p. Let n be w(-5). Let t = n + -43. What is the remainder when t is divided by 16?
15
Suppose -3*m = -5*s + 42, -3*s - 4*m = -33 + 2. What is the remainder when 337 is divided by s?
4
Let r be 10/(-45) + (-50)/18. Let m be (-76)/r - 8/(-12). Suppose l + l = m. What is the remainder when l is divided by 7?
6
Suppose -37 = -24*p + 6275. Suppose 2*f - 136 = -3*t, -t - 3*t + 2*f + 172 = 0. Calculate the remainder when p is divided by t.
43
Let m(u) = -10*u + 6. Le